93 prime?
True
Is 350699 a prime number?
True
Is 25523 a prime number?
True
Is 316391 composite?
False
Is 20323 a composite number?
False
Is 34186 composite?
True
Is 18931 composite?
True
Is 5779 a prime number?
True
Is 10391 a prime number?
True
Is 316031 prime?
True
Is 3479529 a composite number?
True
Is 8726 a composite number?
True
Is 133153 a prime number?
True
Is 28537 a composite number?
False
Is 1148357 composite?
True
Is 417721 composite?
False
Is 114505 a composite number?
True
Is 1735 a prime number?
False
Is 113357 prime?
True
Is 1948501 a prime number?
False
Is 2041 a prime number?
False
Is 385621 composite?
False
Is 116423 prime?
True
Is 245561 composite?
False
Is 10529 prime?
True
Is 90469 composite?
False
Is 45683 prime?
False
Is 7321 composite?
False
Is 561899 a prime number?
False
Is 485917 prime?
False
Is 86501 a prime number?
True
Is 76367 a prime number?
True
Is 123229 a composite number?
False
Is 466 composite?
True
Is 113 a prime number?
True
Is 67583 a composite number?
True
Is 12569 a composite number?
False
Is 95153 prime?
True
Is 199069 prime?
False
Is 74411 composite?
False
Is 1851 composite?
True
Is 282657 a prime number?
False
Is 1676167 a composite number?
False
Is 31139 composite?
False
Is 121037 a prime number?
False
Is 29687 prime?
False
Is 203533 prime?
False
Is 944191 a composite number?
False
Is 58087 composite?
True
Is 584747 composite?
True
Is 247985 prime?
False
Is 2099 composite?
False
Is 43637 composite?
True
Is 2845 a composite number?
True
Is 10029 composite?
True
Is 271037 a composite number?
True
Is 566329 prime?
False
Is 141199 a composite number?
False
Is 77257 composite?
True
Is 439991 prime?
True
Is 608339 composite?
False
Is 3571409 composite?
True
Is 9383 prime?
False
Is 88989 composite?
True
Is 37831 a composite number?
False
Is 9871 prime?
True
Is 62071 a prime number?
True
Is 392791 a prime number?
False
Is 4083 a composite number?
True
Is 27933 prime?
False
Is 4531 a composite number?
True
Is 1801 prime?
True
Is 87415 a prime number?
False
Is 14197 prime?
True
Is 678485 composite?
True
Is 7377 prime?
False
Is 1502 composite?
True
Is 1827389 a prime number?
True
Is 9005 composite?
True
Is 1953907 prime?
False
Is 301667 a composite number?
True
Is 256019 prime?
True
Is 10157 a composite number?
True
Is 28751 prime?
True
Is 863467 a composite number?
True
Is 83983 prime?
True
Is 25771 prime?
True
Is 287207 a composite number?
True
Is 2237 composite?
False
Is 20803 composite?
True
Is 1133 a composite number?
True
Is 60433 composite?
True
Is 95777 a prime number?
False
Is 66623 prime?
False
Is 37721 prime?
False
Is 100721 composite?
True
Is 198847 composite?
True
Is 153701 a composite number?
False
Is 1057 a prime number?
False
Is 413711 a prime number?
True
Is 169583 a composite number?
False
Is 4769 composite?
True
Is 29663 a composite number?
False
Is 1674047 composite?
False
Is 673 a composite number?
False
Is 712357 a prime number?
True
Is 14923 prime?
True
Is 230019 a prime number?
False
Is 19661 prime?
True
Is 809417 composite?
True
Is 2333 composite?
False
Is 5039 composite?
False
Is 53231 a composite number?
False
Is 352193 prime?
True
Is 94339 a composite number?
True
Is 17209 a composite number?
False
Is 174289 composite?
False
Is 102437 prime?
True
Is 380719 composite?
True
Is 40459 composite?
False
Is 141055 composite?
True
Is 120067 composite?
False
Is 30329 a composite number?
True
Is 27133 composite?
True
Is 283553 composite?
False
Is 1503113 a prime number?
True
Is 5779 a prime number?
True
Is 1543 prime?
True
Is 212791 composite?
False
Is 11677 composite?
False
Is 14163 a composite number?
True
Is 5951 a composite number?
True
Is 15413 prime?
True
Is 862585 a composite number?
True
Is 4267 a composite number?
True
Is 243973 prime?
True
Is 2233577 prime?
False
Is 6882677 a prime number?
True
Is 69157 a composite number?
True
Is 20981 prime?
True
Is 10249 a composite number?
True
Is 27263 composite?
True
Is 89223 prime?
False
Is 44837 prime?
False
Is 166487 composite?
False
Is 387887 prime?
False
Is 30289 prime?
False
Is 390581 composite?
False
Is 79351 a composite number?
True
Is 2167 prime?
False
Is 699617 composite?
False
Is 20611 composite?
False
Is 13403 composite?
True
Is 6931 composite?
True
Is 55351 a composite number?
False
Is 201 a prime number?
False
Is 3859 a prime number?
False
Is 123999 prime?
False
Is 129757 prime?
True
Is 61769 a composite number?
True
Is 686417 a composite number?
False
Is 3821 composite?
False
Is 22843 a composite number?
True
Is 21191 a prime number?
True
Is 56618 prime?
False
Is 103549 prime?
True
Is 1038881 composite?
False
Is 215533 a prime number?
False
Is 99949 composite?
True
Is 8849 a composite number?
False
Is 15493 a prime number?
True
Is 1023797 prime?
False
Is 19103 a composite number?
True
Is 1811 composite?
False
Is 50581 prime?
True
Is 488587 a composite number?
True
Is 82189 a composite number?
False
Is 4821783 a prime number?
False
Is 8849 a prime number?
True
Is 133253 a prime number?
True
Is 1443847 a prime number?
False
Is 5737 a prime number?
True
Is 30497 a prime number?
True
Is 402587 composite?
False
Is 987509 prime?
True
Is 97919 prime?
True
Is 40253 prime?
True
Is 5581 a composite number?
False
Is 2155 a composite number?
True
Is 12598 prime?
False
Is 171637 prime?
True
Is 54997 a composite number?
True
Is 80323 a composite number?
True
Is 14969 prime?
True
Is 4853 prime?
False
Is 43599 a composite number?
True
Is 12007 a composite number?
False
Is 7513 a composite number?
True
Is 15357 a prime number?
False
Is 41793 prime?
False
Is 170501 prime?
False
Is 851231 a prime number?
True
Is 40219 prime?
False
Is 5878 composite?
True
Is 33323 a prime number?
False
Is 2533 prime?
False
Is 15611 prime?
False
Is 57587 composite?
False
Is 47219 prime?
False
Is 103487 composite?
True
Is 28463 a prime number?
True
Is 3389 composite?
False
Is 595117 a prime number?
True
Is 369883 a composite number?
True
Is 16591 a prime number?
False
Is 244945 a composite number?
True
Is 6547 composite?
False
Is 8147 a prime number?
True
Is 1486999 a composite number?
False
Is 11923 a composite number?
False
Is 171103 a prime number?
True
Is 7147 a prime number?
False
Is 152491 a prime number?
False
Is 8999 a prime number?
True
Is 64661 composite?
False
Is 140078 composite?
True
Is 73886 prime?
False
Is 935813 a prime number?
True
Is 916599 composite?
True
Is 548053 a composite number?
True
Is 74491 composite?
True
Is 196111 a composite number?
False
Is 89855 a composite number?
True
Is 231503 composite?
False
Is 36187 a prime number?
True
Is 33185 composite?
True
Is 202754 composite?
True
Is 38487 a composite number?
True
Is 754553 a prime number?
False
Is 3401501 composite?
False
Is 114151 prime?
False
Is 49949 prime?
False
Is 20663 composite?
False
Is 137329 composite?
True
Is 596377 prime?
False
Is 15646 a composite number?
True
Is 919 a composite number?
False
Is 116009 a composite number?
False
Is 12769 a composite number?
True
Is 4835 prime?
False
Is 2830729 composite?
True
Is 1189283 a composite number?
True
Is 1515109 prime?
True
Is 1919 a composite number?
True
Is 58733 prime?
True
Is 16673 composite?
False
Is 3251 a prime number?
True
Is 93839 composite?
True
Is 42239 a composite number?
False
Is 3511 a composite number?
False
Is 2371 a prime number?
True
Is 18787 composite?
False
Is 615101 prime?
True
Is 21621 composite?
True
Is 25837 a composite number?
True
Is 70823 a prime number?
True
Is 16921 a prime number?
True
Is 377999 a prime number?
True
Is 420653 a prime number?
False
Is 384931 composite?
True
Is 7115 a prime number?
False
Is 41421 a composite number?
True
Is 5113 prime?
True
Is 704131 a prime number?
True
Is 1195 composite?
True
Is 1992181 composite?
False
Is 14969 composite?
False
Is 210169 a composite number?
False
Is 639605 prime?
False
Is 1915289 composite?
False
Is 55059 a prime number?
False
Is 95531 a prime number?
True
Is 20189 prime?
False
Is 9271 a prime number?
False
Is 343373 a prime number?
True
Is 1794179 a composite number?
False
Is 169213 a prime number?
False
Is 143383 a composite number?
True
Is 4645 prime?
False
Is 221143 a composite number?
True
Is 131041 composite?
False
Is 5855 a composite numbe